 -5?
c514
In base 12, what is -9 - 13a26?
-13a33
In base 6, what is 303430 + 30?
303500
In base 11, what is 4 - -1311?
1315
In base 9, what is 1452 - 130?
1322
In base 7, what is 262341 - -2?
262343
In base 15, what is d08 + 427?
1230
In base 5, what is 101224 - -2?
101231
In base 5, what is -10 - 3232014?
-3232024
In base 7, what is 22644 - 3232?
16412
In base 2, what is -1010011 + -1101001101?
-1110100000
In base 8, what is 4 + 216775?
217001
In base 3, what is -20 - -112100011?
112022221
In base 2, what is -11011 + -1010100?
-1101111
In base 4, what is 211211 - 11?
211200
In base 6, what is -320440 - -10?
-320430
In base 3, what is 212100121 - 21?
212100100
In base 13, what is 3c - -252?
291
In base 10, what is -287311 + -5?
-287316
In base 3, what is -102 - -12201010220?
12201010111
In base 3, what is 21012011121 + -12?
21012011102
In base 12, what is 3690 + -37?
3655
In base 6, what is 3043 + 113?
3200
In base 2, what is 101100110100010 - -11?
101100110100101
In base 13, what is -2b8 + 83a?
552
In base 9, what is -5 + -1050363?
-1050368
In base 12, what is -29 - 17087?
-170b4
In base 10, what is -2613 - -109?
-2504
In base 7, what is 220 - -22?
242
In base 11, what is 122a + -2a9?
a31
In base 15, what is 2 + -b56e3?
-b56e1
In base 15, what is -3 + 13d3d?
13d3a
In base 9, what is -13036 + 0?
-13036
In base 14, what is -3 - 210?
-213
In base 9, what is 4 + 21538?
21543
In base 3, what is -111 + 200122110?
200121222
In base 3, what is -22110 - 20101?
-112211
In base 6, what is -113 - -4110?
3553
In base 6, what is 3 - -41451355?
41451402
In base 8, what is 20 + -1467?
-1447
In base 5, what is -3 + 110430?
110422
In base 3, what is 101 + 1011220100110?
1011220100211
In base 13, what is -42 - -117c?
113a
In base 3, what is -12 - 212122220?
-212200002
In base 7, what is -3436304 - -1?
-3436303
In base 14, what is 9176 - -2?
9178
In base 3, what is -22022012011 + 221?
-22022011020
In base 12, what is 0 - -188b1?
188b1
In base 15, what is -5 - -231b?
2316
In base 16, what is af - -1d79?
1e28
In base 10, what is -35161 - -14?
-35147
In base 14, what is 3 + a608?
a60b
In base 15, what is 35ac + -133?
3479
In base 7, what is -13 - 3123?
-3136
In base 11, what is -9 + -212401?
-21240a
In base 4, what is -223 + -2121232?
-2122121
In base 15, what is -161e0 - 2?
-161e2
In base 9, what is -744 - 2705?
-3550
In base 7, what is -43322301 - 4?
-43322305
In base 12, what is 862ba - -3?
86301
In base 10, what is 7 + -7534?
-7527
In base 7, what is 2122541 - -1?
2122542
In base 4, what is -1031 - -22201?
21110
In base 7, what is -11 - 1333441?
-1333452
In base 9, what is -1877 + -25?
-2013
In base 8, what is 311560 + 1?
311561
In base 7, what is -506 - 232?
-1041
In base 13, what is 4841 - 14?
482a
In base 3, what is -111 - -10220222?
10220111
In base 3, what is -1111200 - 2202000?
-11020200
In base 2, what is -1011 + 1000100011110?
1000100010011
In base 12, what is a6a + 15?
a83
In base 3, what is -200 + -1010022011?
-1010022211
In base 16, what is 2de9 - -5?
2dee
In base 6, what is 15003335 - 2?
15003333
In base 9, what is 445 + -2811?
-2355
In base 5, what is -101420 - -143?
-101222
In base 2, what is -1001110 + 1001101111?
1000100001
In base 10, what is 544 - -132?
676
In base 10, what is -116 + -3020?
-3136
In base 8, what is 133574 + 11?
133605
In base 7, what is -104245 - 205?
-104453
In base 12, what is 5 + -6707?
-6702
In base 10, what is 4 + -30234?
-30230
In base 6, what is 10 + -14442?
-14432
In base 10, what is 4202 + -70?
4132
In base 8, what is -42777 + -10?
-43007
In base 6, what is -1535 - 123?
-2102
In base 7, what is -25 + 23116?
23061
In base 8, what is -2 - 321477?
-321501
In base 13, what is 6 + -39c2?
-39b9
In base 14, what is -6495 - 24?
-64b9
In base 8, what is 1 - 436712?
-436711
In base 3, what is 1122111 - 1200102?
-221
In base 3, what is 11 + 1201120102221?
1201120110002
In base 16, what is -86d9 - 5?
-86de
In base 16, what is 8566d - 4?
85669
In base 5, what is 24100 - -242?
24342
In base 11, what is -5 + -82451?
-82456
In base 10, what is -30 + 4065?
4035
In base 2, what is 1 + 1101001011111010?
1101001011111011
In base 4, what is 1012123122 + -1?
1012123121
In base 16, what is -1faa8c + 5?
-1faa87
In base 16, what is 2 - af56?
-af54
In base 5, what is 11343343 - 3?
11343340
In base 11, what is -2919a - 7?
-291a6
In base 3, what is -21010120 + -1211?
-21012101
In base 12, what is -2b43 + 10?
-2b33
In base 14, what is 186b + -4?
1867
In base 13, what is -1 - 2904a?
-2904b
In base 15, what is -2 + 29768?
29766
In base 13, what is ab4 + -59?
a58
In base 13, what is 66a + -207?
463
In base 3, what is -100022 - -22101?
-221
In base 5, what is -10423034 - 2?
-10423041
In base 10, what is -7 - 4486?
-4493
In base 16, what is c + e2fe?
e30a
In base 4, what is -1021323101 - -11?
-1021323030
In base 16, what is -1 + 2b55?
2b54
In base 15, what is -8b + 2ba3?
2b17
In base 3, what is 12211111020 + -12?
12211111001
In base 11, what is 2a056 + 5?
2a060
In base 4, what is 2 - -23133033?
23133101
In base 10, what is 24 - -593?
617
In base 6, what is 1421040 - -11?
1421051
In base 6, what is -305205 + -130?
-305335
In base 10, what is -21481 + 26?
-21455
In base 7, what is 10134 + -13?
10121
In base 16, what is -78fa + -1?
-78fb
In base 3, what is -1002121220011 + 0?
-1002121220011
In base 7, what is -5123626 + 6?
-5123620
In base 10, what is -519 - -63?
-456
In base 9, what is 57 - -7645?
7713
In base 15, what is 2 - -8853a?
8853c
In base 4, what is -22231133 + 2?
-22231131
In base 4, what is 10 - -223002?
223012
In base 15, what is a696 + -1?
a695
In base 16, what is -a + 1435?
142b
In base 5, what is -1444 - -23040?
21041
In base 2, what is -101110000 - 1001110?
-110111110
In base 16, what is -10d - 11a9?
-12b6
In base 7, what is 2 + 34403?
34405
In base 9, what is 2130 + -37?
2082
In base 15, what is 8 - -2b44?
2b4c
In base 6, what is -4 + 131530?
131522
In base 4, what is 111011130 - -1?
111011131
In base 10, what is -57 - -1741?
1684
In base 4, what is -2200320 + 10?
-2200310
In base 2, what is 1110000011010010000 - -11?
1110000011010010011
In base 16, what is ba760 + 3?
ba763
In base 13, what is -518 - -19?
-4cc
In base 10, what is -275 - -79?
-196
In base 3, what is 11 + -20111110111?
-20111110100
In base 3, what is 11012012210 + -2011?
11012010122
In base 5, what is -24 - -33012?
32433
In base 8, what is -123655 + -5?
-123662
In base 5, what is -20031 + -122?
-20203
In base 15, what is 1 - -2604a?
2604b
In base 7, what is -14640 - 16?
-14656
In base 14, what is -6 - -ac67?
ac61
In base 2, what is -100010001000110000 - 1010?
-100010001000111010
In base 5, what is 42 - 13223?
-13131
In base 7, what is 2 + 241623?
241625
In base 14, what is 4 - -2212?
2216
In base 2, what is 111011011 - 1101000100?
-101101001
In base 11, what is -2946a - -8?
-29462
In base 4, what is -3 + 21022313?
21022310
In base 16, what is -3f27e + -3?
-3f281
In base 6, what is 1001 - -12250?
13251
In base 11, what is -26 - -a9860?
a9835
In base 11, what is -400367 + 5?
-400362
In base 11, what is 57 - -5914?
5970
In base 4, what is -1130323 - 2?
-1130331
In base 7, what is -5 - 3660623?
-3660631
In base 6, what is -2515 + 125?
-2350
In base 8, what is -175300 + 1?
-175277
In base 15, what is 315 + -a4b?
-736
In base 8, what is -2 + 663652?
663650
In base 11, what is 3 - -418990?
418993
In base 5, what is -31123 + -3140?
-34313
In base 11, what is -1 - 2a5?
-2a6
In base 4, what is -21 + -101023?
-101110
In base 11, what is -28 - -14316?
14299
In base 2, what is -10 - 101001111011010?
-101001111011100
In base 4, what is 222223200 + -3?
222223131
In base 13, what is 0 - 33b8?
-33b8
In base 4, what is 12 + -110210?
-110132
In base 4, what is -2 - 30112222?
-30112230
In base 4, what is -2112 + -2202?
-10320
In base 15, what is 87 + 189?
221
In base 13, what is 1073 - 416?
95a
In base 3, what is -10221211 + 20220?
-10200221
In base 10, what is -108976 - 6?
-108982
In base 2, what is -100001011101010011000 + 1?
-100001011101010010111
In base 9, what is 167481 + 4?
167485
In base 4, what is 13231 + -31?
13200
In base 14, what is 4 + 6b82?
6b86
In base 6, what is 245023 - -2?
245025
In base 4, what is 13 + -303211?
-303132
In base 4, what is -20 - -202102?
202022
In base 